 factor of 42750 and 2742000?
750
What is the greatest common divisor of 403074781 and 185?
37
What is the greatest common factor of 195116883 and 2418?
1209
What is the highest common divisor of 21378 and 75978?
42
What is the greatest common factor of 2877088 and 4064?
32
Calculate the greatest common factor of 264 and 2877672.
24
What is the greatest common factor of 903 and 16054738?
301
Calculate the highest common factor of 42 and 735464877.
21
What is the highest common factor of 754817 and 56?
7
Calculate the highest common divisor of 3086457 and 759.
33
Calculate the greatest common divisor of 183 and 1566419.
61
What is the greatest common factor of 51017978 and 9042?
3014
Calculate the greatest common divisor of 7912 and 3994.
2
Calculate the greatest common factor of 43333 and 1552341.
2549
What is the highest common divisor of 39680 and 41344?
128
Calculate the highest common divisor of 731297069 and 890.
89
What is the greatest common factor of 64 and 2408606464?
64
Calculate the highest common factor of 159036 and 228500.
1828
What is the highest common factor of 975 and 114682575?
75
What is the greatest common divisor of 33 and 320475?
3
Calculate the greatest common factor of 972704 and 218768.
1808
What is the greatest common divisor of 2991375 and 20250?
1125
Calculate the highest common factor of 4983548 and 1426.
46
Calculate the greatest common divisor of 1308519 and 1503.
9
What is the greatest common divisor of 958574 and 4?
2
What is the greatest common factor of 150562 and 48306?
166
What is the highest common divisor of 74784 and 361392?
48
What is the highest common factor of 105123 and 140687?
523
What is the greatest common factor of 212 and 15547391?
53
What is the greatest common divisor of 26108095 and 86?
43
What is the highest common factor of 1160350 and 150?
50
What is the greatest common divisor of 4505996 and 55?
11
What is the highest common factor of 2863195 and 16?
1
What is the highest common factor of 4509 and 1375579?
167
What is the highest common divisor of 228090114 and 1134?
378
Calculate the highest common factor of 3298 and 773494781.
1649
What is the greatest common divisor of 4508926 and 5620?
562
What is the highest common factor of 6722 and 32934439?
3361
What is the greatest common divisor of 130 and 11759618?
26
Calculate the greatest common factor of 36800 and 500020.
460
What is the highest common factor of 40495120 and 128?
16
What is the highest common factor of 1701667 and 2849?
407
Calculate the highest common divisor of 354 and 21813657.
177
What is the highest common factor of 14520 and 489324?
1452
Calculate the highest common factor of 269328852 and 1404.
468
What is the highest common divisor of 1832 and 221600?
8
What is the highest common divisor of 49 and 909671?
7
Calculate the greatest common factor of 116714 and 3770.
26
What is the highest common factor of 85944 and 66083774?
7162
Calculate the highest common divisor of 867 and 36388568.
289
Calculate the highest common factor of 63017 and 448253.
1189
What is the highest common divisor of 1360 and 57426400?
80
What is the highest common divisor of 85120 and 302042240?
12160
What is the greatest common factor of 1902979897 and 26?
13
What is the greatest common divisor of 27856 and 200624?
16
Calculate the highest common factor of 161370 and 4365.
45
What is the greatest common divisor of 1955 and 3110014?
391
Calculate the greatest common factor of 708 and 92164.
4
What is the highest common divisor of 131936 and 367612?
532
Calculate the highest common divisor of 3071 and 64713.
37
Calculate the highest common factor of 118536 and 4540737.
1347
What is the greatest common factor of 104188 and 371124?
244
Calculate the greatest common factor of 320 and 15478720.
320
What is the highest common factor of 30957 and 4914879?
1821
What is the highest common divisor of 2299630 and 250?
10
Calculate the greatest common divisor of 4488184 and 89380.
436
Calculate the highest common divisor of 5451 and 728295.
69
Calculate the greatest common factor of 3010224546 and 294.
294
What is the greatest common factor of 5 and 46256995?
5
Calculate the greatest common divisor of 8131496 and 223082.
3142
What is the greatest common divisor of 4401 and 141994516?
163
Calculate the highest common factor of 7320 and 649857400.
2440
What is the greatest common factor of 19036307 and 197?
197
What is the highest common divisor of 2449601 and 37961?
2233
What is the highest common divisor of 45826 and 5330397?
2083
What is the highest common divisor of 80 and 80863936?
16
What is the highest common factor of 34475 and 126700?
175
What is the greatest common factor of 356 and 529484?
4
Calculate the highest common factor of 4191 and 11553063.
381
Calculate the highest common factor of 388 and 433936484.
388
What is the greatest common factor of 50872 and 12904?
8
What is the greatest common factor of 7574010 and 68?
34
Calculate the highest common factor of 629 and 7851955.
37
Calculate the highest common divisor of 172 and 44353511.
43
Calculate the highest common factor of 3282613 and 400063.
1747
What is the greatest common factor of 26117950 and 2550?
850
Calculate the greatest common divisor of 435 and 53865615.
435
What is the greatest common factor of 48 and 45251344?
16
What is the highest common factor of 1056 and 29994?
6
What is the greatest common factor of 6523468 and 1033018?
8134
Calculate the greatest common divisor of 564094 and 3177.
353
Calculate the greatest common factor of 77 and 1173909583.
77
What is the greatest common divisor of 660 and 229404912?
132
What is the greatest common divisor of 232969689 and 3048?
381
Calculate the highest common factor of 3284944 and 44200.
1768
Calculate the highest common factor of 124535 and 50455.
5
Calculate the highest common divisor of 4 and 271460600.
4
Calculate the greatest common factor of 2727 and 1573317.
27
What is the greatest common divisor of 83 and 3939097?
83
What is the greatest common divisor of 2077 and 1026286?
31
What is the greatest common factor of 404008 and 1822627?
4591
What is the highest common divisor of 255365376 and 384?
384
Calculate the greatest common divisor of 375888 and 222384.
1968
Calculate the greatest common divisor of 308511 and 12803.
413
What is the greatest common divisor of 237 and 28630469?
79
Calculate the greatest common divisor of 220342 and 21222.
262
What is the greatest common divisor of 5230 and 878213755?
2615
What is the greatest common divisor of 84151 and 1206709?
817
What is the highest common divisor of 16 and 253322968?
8
What is the highest common divisor of 97541 and 2544589?
947
What is the highest common divisor of 8136 and 1009368?
72
Calculate the greatest common divisor of 589 and 12431.
31
What is the highest common divisor of 41562759 and 63?
21
What is the highest common factor of 67340 and 3341?
13
Calculate the highest common divisor of 556 and 339299.
139
Calculate the greatest common divisor of 44446 and 6500618.
142
What is the highest common factor of 4272 and 735024?
48
What is the highest common factor of 735 and 26340195?
735
Calculate the greatest common divisor of 5328 and 13569750.
666
What is the greatest common factor of 131474358 and 36?
18
Calculate the greatest common divisor of 584285 and 9620.
65
What is the highest common factor of 18810 and 2359610?
2090
Calculate the highest common divisor of 27 and 2793573.
9
What is the highest common factor of 2068 and 800107649?
517
What is the greatest common divisor of 2112128 and 360064?
3712
What is the highest common factor of 2048510 and 165100?
1270
Calculate the greatest common factor of 493713108 and 14.
14
Calculate the highest common factor of 17841 and 5043056.
5947
Calculate the highest common factor of 252875 and 6312250.
875
What is the highest common factor of 7780 and 263364670?
3890
Calculate the highest common factor of 6135 and 3382021.
409
Calculate the highest common divisor of 20 and 119732.
4
Calculate the greatest common factor of 88 and 35902504.
88
Calculate the greatest common divisor of 173784669 and 366.
183
Calculate the greatest common factor of 89981958 and 1388.
694
Calculate the highest common factor of 62810654 and 